 3985 + 4363 = 4*u. What are the prime factors of u?
2087
Let l = 14 + -9. Let t(m) = 5*m**2 - 2*m - 7. Let p(c) = 6*c**2 - 2*c - 7. Let q(y) = -2*p(y) + 3*t(y). What are the prime factors of q(l)?
2, 29
Let f(r) = r**2 - 5*r + 19. Let v be f(-6). Let k = v + -24. List the prime factors of k.
61
Suppose -y + 2*d - 344 = -1063, -5*d = -3*y + 2161. List the prime factors of y.
727
Suppose -i - 5 + 42 = 0. What are the prime factors of i?
37
Let u = -121 + 746. What are the prime factors of u?
5
What are the prime factors of (57217/87)/(1/3)?
1973
Suppose 0 = 141*u - 161*u + 13440. List the prime factors of u.
2, 3, 7
Let a = 23 - 21. Suppose -2*f + 72 = -4*p, -p - 2 = a. List the prime factors of f.
2, 7
Let f(r) = 2*r**2 - 24*r - 16. What are the prime factors of f(17)?
2, 7, 11
Suppose -14350 = -7*g + 1022. List the prime factors of g.
2, 3, 61
Let a(c) = c**3 + 5*c**2 - 4*c - 2. Let l be 0/(((-3)/3)/(-1)). Let k be (-6)/8*(4 + l). List the prime factors of a(k).
2, 7
Suppose -2*p - 374 = -2*a, 4*a = -2 + 10. Let i = p - -379. List the prime factors of i.
2, 97
Let b(y) = y - 1. Let j be b(3). Suppose 0 = 3*s + 12, 3 + 1 = -j*a - 2*s. What are the prime factors of a?
2
Suppose 0 = -3*d - 8 + 20. Suppose 0 = d*t - 23 - 153. List the prime factors of t.
2, 11
Let a(v) = -88*v - 235. List the prime factors of a(-12).
821
Suppose -g + 15 = 2*g. Let h = -12 + 15. Suppose -g*c + 67 = h*p, 30 = 3*p + 4*c - 35. What are the prime factors of p?
19
Let w(b) = 2*b**2 + 3. Let n be w(5). Suppose -z + n = s, z = -4*s - 80 + 286. List the prime factors of s.
3, 17
Suppose 4*g = 5*d - 1243 - 1137, -5*d - 4*g = -2340. What are the prime factors of d?
2, 59
Let s = 30 + -10. Suppose -4*r = -v - 10, 0 = 2*r + 2*r - s. List the prime factors of v.
2, 5
Let q(i) = -10*i**3 + 2*i**2 + 4*i + 8. Suppose 3*y - 14 = 4*s, -s - 3*y = 3*s + 2. What are the prime factors of q(s)?
2, 11
Suppose 0*z - 69 = -23*z. Let a be ((-2)/(-6))/(2/6). List the prime factors of (a/2)/(z/138).
23
Suppose -3*c = -r + 172 + 146, -c + 974 = 3*r. List the prime factors of r.
2, 3
Let o be 2 - (3 + -2 + -1). Suppose o*r - 65 = r. Let p = 117 - r. List the prime factors of p.
2, 13
Let w(g) = -167*g**3 - 9*g**2 - 8*g. Let i(p) = p**3 + p**2 + p. Let j(k) = 6*i(k) + w(k). What are the prime factors of j(-1)?
2, 5
Let r(f) = 2*f**3 - 30*f**2 + 17*f + 42. What are the prime factors of r(16)?
2, 7, 59
Let n = 1062 + -257. Suppose -14*p + n = -9*p. What are the prime factors of p?
7, 23
Suppose 0*z = -2*z. Suppose -4*x + 3*m + m + 792 = z, 0 = -m. Suppose r - x = -2*r. What are the prime factors of r?
2, 3, 11
Let m = 609 + -156. What are the prime factors of m?
3, 151
Suppose -15*x - 308 = -1298. What are the prime factors of x?
2, 3, 11
Let i = -43 - -39. List the prime factors of (-188)/(-4) + 1 - i.
2, 13
Let k = 13 - 10. Let d(b) = -8*b**2 + b**k - b - 5*b**2 + 6*b**2 - 14 + 15*b. What are the prime factors of d(6)?
2, 17
Suppose 2*v + 3*l = 20, 3*v = -3*l - l + 28. Let z(y) = y**2 + 1. Let s be z(-2). Suppose v*t = -5*m + 48, -20 = s*m - 0. List the prime factors of t.
17
Let j(y) = -y**2 - 4*y + 5. Let a be j(-4). Let k = -6 + a. Let f = 8 + k. What are the prime factors of f?
7
Suppose d + 22 + 67 = 0. List the prime factors of (d/4)/((-2)/(-24)*-3).
89
Let s be 25*(4/(-14) + (-62)/(-70)). List the prime factors of (-78)/s*(-20)/(2 + 0).
2, 13
Let r be 1*(-68)/(-3)*6. Let j = r - 26. List the prime factors of j.
2, 5, 11
Suppose -j + 3 = 106. Let b = 223 + j. What are the prime factors of b?
2, 3, 5
Suppose 6*t + 20 = t. Let p be (-1)/(t/(-16)*-2). Suppose 0 = -4*w - 27 + 7, 5 = p*h + 5*w. What are the prime factors of h?
3, 5
Let u = 1 + 19. Suppose -3*a = -4*a + u. Let h = 36 - a. List the prime factors of h.
2
Let o(c) = 5*c - 19. Suppose -5*y + 0*h + h = -70, 0 = 4*y - h - 56. What are the prime factors of o(y)?
3, 17
Let l(g) = -26*g**3 + g**2. Let s be l(-1). Suppose s*w - 8 = 25*w. What are the prime factors of w?
2
Let h(i) = -6*i**3 - 4*i**2 - 12*i - 42. List the prime factors of h(-4).
2, 163
Let u be (-2)/(-4) - (-6)/(-12). Suppose -4*v + 147 + 1 = u. Suppose -l + 23 = -2*j, 2*l + 5*j = -0*l + v. List the prime factors of l.
3, 7
Let j be ((-63)/14)/((-9)/12). List the prime factors of (j - 2) + -3 - (1 + -35).
5, 7
Suppose -o = 5*b - 32, -b - 5*o + 4 = -2*b. Suppose 2*j - b + 2 = 0. Suppose -q = 3*l - 14 - 18, -q + 47 = -j*l. List the prime factors of q.
41
What are the prime factors of ((-43)/(-9) - 5) + 1585/45?
5, 7
Suppose 5*w = 222 - 172. Let n(k) = k**2 + 7*k + 9. Let r be n(-8). Suppose -t + w = -r. List the prime factors of t.
3
Let r be ((-95)/15)/(2/(-6)). Suppose r = -7*j + 8*j. List the prime factors of j.
19
Let y be 3*-4*4/24. Let b = -1 - y. Suppose 0 = 3*f + 5*i + 1 + b, f - 5*i - 26 = 0. What are the prime factors of f?
2, 3
Suppose n - 4 = 5*a, -10 = -5*a - 5*n + 10. Suppose -2*t + 100 = y, -8 = -0*t - 2*t. Suppose a = 3*i + i - y. List the prime factors of i.
23
Suppose -p + 595 = 3*f, -2*p + 1956 = -f + 780. What are the prime factors of p?
19, 31
Let v(a) be the second derivative of -a**6/360 - 7*a**5/120 - 2*a**4/3 - 4*a. Let w(k) be the third derivative of v(k). What are the prime factors of w(-15)?
23
Let x = 214 + -138. List the prime factors of x.
2, 19
Let n(j) = j**3 + 3*j**2 - 5*j - 10. Let i be n(5). Suppose i = -3*p + 495. Let q = -53 + p. List the prime factors of q.
3, 19
Let y = -6 - -12. Suppose 0 = 4*q - y*q + 62. Suppose -85 = -4*o + 5*x, -2*o - q = -3*o - 2*x. What are the prime factors of o?
5
Suppose -30 + 110 = 5*f. Suppose -3*o + 60 = o + a, 0 = -2*o - 4*a + f. Suppose 0 = -4*k + 36 + o. List the prime factors of k.
13
Let w(b) = -b**2 + 15*b + 6. Let y(p) = p**2 - 7. Let q be y(-4). What are the prime factors of w(q)?
2, 3, 5
Let v = -16 - -24. Suppose 2*s = 2*d - s, -4*s - v = -4*d. Suppose d*k - 113 = 115. What are the prime factors of k?
2, 19
Let d(l) = l**2 + 21*l + 31. Let j(u) = u**2 + 16*u + 6. Let g be j(-14). Let c be d(g). Suppose -5*x + 368 = c. List the prime factors of x.
3, 7
Let b(c) = -c**2 - 2*c - 3. Let g be b(4). What are the prime factors of 5/15 - (-3)/(g/(-861))?
2, 3
Let n(q) = -11*q**3 - q**2 - 8*q - 7. List the prime factors of n(-3).
5, 61
Let f(m) be the second derivative of 1/20*m**5 + 7/12*m**4 + 0 - 9*m - 4/3*m**3 + 5/2*m**2. What are the prime factors of f(-8)?
5
Let g be (-6)/((9/724)/(9/(-6))). Suppose 4*s + w - g = 0, 57 - 781 = -4*s + w. What are the prime factors of s?
181
Let z = 239 - -3457. What are the prime factors of z?
2, 3, 7, 11
Suppose 2*t + 8 = -4*k, -8 = 4*k + 4*t - 3*t. Let v be (2/(-4))/(k/56). What are the prime factors of 12*(v/4 + -3)?
2, 3
Let a(c) = 2*c - 32. Let f be a(18). Suppose -7*w + 4*w = 3*s - 279, w = f*s - 387. List the prime factors of s.
2, 3
Let h = -111 + 462. What are the prime factors of h?
3, 13
Let o be (-9 - -6 - (-4 - 0))*-225. Let x = -154 - o. List the prime factors of x.
71
Let k(i) = -4*i**2 + 3*i - 3. Let n(c) = -11*c**2 + 10*c - 8. Let v(z) = -8*k(z) + 3*n(z). Let l be v(6). What are the prime factors of 23 + (l - -4) + -6?
3, 7
Let p(a) = -5*a - a + 1 + 4*a. Let g be p(-1). Suppose g*i = 4*i - 36. What are the prime factors of i?
2, 3
Let l(i) be the second derivative of 5*i + i**2 + 0 + 3/4*i**4 + 1/20*i**5 + 7/6*i**3. List the prime factors of l(-8).
2, 5
Let b be 1/(3/(-9)) - -31. Let m = 33 - b. What are the prime factors of m?
5
Let u(g) = -3*g**2 - 3*g - 11. Let d(j) = -4*j**2 - 4*j - 12. Let o(q) = -4*d(q) + 5*u(q). Let p be o(-6). Let h = p - -14. What are the prime factors of h?
37
Let z be 6*1*(-4)/12. Let k be 0/((z/2)/(-1)). Suppose k = 5*r - 9*r + 48. List the prime factors of r.
2, 3
Let s be -4 + (2/2 - 3). What are the prime factors of (3/(-5))/(s/1170)?
3, 13
Let x(u) = u**2 + 15*u - 37. Let c be x(-16). Let l = 41 - c. What are the prime factors of l?
2, 31
Suppose -5*g + 15 = -4*t, -3*g + 4*t = -0*t - 9. Suppose -7 - g = -u. Let v(i) = -i**2 + 11*i + 2. What are the prime factors of v(u)?
2, 3
Let v(c) = 3*c**2 + 2*c + 1. Let q(i) = 3*i - 50. Let s be q(15). List the prime factors of v(s).
2, 3, 11
Let y be ((-10)/3)/((-16)/24). Suppose -5*b + 97 = 2*x, -2*b + 37 = -y*x + 4*x. List the prime factors of b.
19
Let c(x) = -2*x**3 + 8